
6
Let z(x) = 77*x**2 - x - 1. Let k = 53 + -54. What is the units digit of z(k)?
7
Let k(w) be the first derivative of w**2/2 - 5*w + 4. Let y be k(0). Let d = -1 - y. What is the units digit of d?
4
Let j(g) = 3*g**2 - 6*g + 6. Let c be j(4). Suppose -6*k = -k + c. Let u = 42 + k. What is the tens digit of u?
3
What is the tens digit of (-11*39/(-143))/(2/946)?
1
Let c(a) = a**2 + 4*a - 10. Let m(r) = 3*r**2 - 3*r - 4. Let p be m(4). Suppose -3*k - k - p = 0. What is the units digit of c(k)?
2
Let d = -8 - -6. What is the units digit of ((-6)/(-6))/(d/10)*-2?
0
Let q = 1833 + -783. What is the tens digit of q?
5
What is the tens digit of 310 - -8*(-15)/20?
0
Suppose 0 = 3*m - u + 10, -3*m = -0*m - 4*u + 22. What is the hundreds digit of 153*(-4 - -3 - m) - 1?
1
Suppose -41 = -3*t + 13. Suppose -3*q - 211 = 68. What is the tens digit of 24/t*q/(-2)?
6
Let p(b) = -b**3 - 3*b**2 + 18*b + 42. What is the hundreds digit of p(-11)?
8
Let v(j) = 40*j**2 + 14*j + 19. What is the tens digit of v(8)?
9
Let z(s) = 1 + 2*s**2 - 11*s**3 - 6*s**3 + 13*s**3 - 13*s**3 + 2*s. Let j be z(-1). What is the units digit of ((-1 - -2) + j)*2?
8
Suppose -1 = -v + 3. Suppose 2*p - 176 = -j - j, p - v*j = 78. What is the units digit of p?
6
Suppose -18 - 6 = 3*w. Let p = 38 - w. What is the units digit of p?
6
Suppose -3*h = k - 1792, 0 = 2*k - 4*k - 3*h + 3572. What is the hundreds digit of k?
7
Let d be (-2*(-1)/(-3))/((-2)/6). Suppose -6*f = -d*f - 652. What is the units digit of f?
3
Let y(v) = 91*v**2 + 8*v + 9. What is the hundreds digit of y(5)?
3
Suppose p + 3*k = 10, 0 = p - 4*p - 2*k + 16. Suppose 0 = -z + g + 21 - 4, 61 = 3*z + 2*g. Let d = p + z. What is the tens digit of d?
2
What is the tens digit of 138/((-145)/80 + 2)?
3
Let r(c) = 3*c**3 + c - 2. Let n be r(1). Suppose 4*w - 20 = 0, 4*w + n = 3*d - 83. What is the tens digit of d?
3
Suppose r = -2*r + 3*x + 84, 0 = -r + 2*x + 23. Let c = -2 - r. Let y = c - -56. What is the tens digit of y?
2
Let l(u) = -u. Let f(z) = -z + 10. Let n(a) = f(a) - 2*l(a). Let m be n(-11). What is the tens digit of (-3 + 4)/(m/(-26))?
2
What is the units digit of (-193)/4*(-216)/18?
9
Let c = -67 + 128. What is the units digit of c/9 + (-18)/(-81)?
7
Let d(b) = 6*b**2 + 14*b + 72*b**3 - 38*b**3 - 6 - 4*b - 35*b**3. What is the tens digit of d(6)?
5
Suppose 3*t = -54 + 18. Suppose 23 + 82 = -3*k. Let m = t - k. What is the tens digit of m?
2
Suppose 4*c = -8, -m = -c - 3*c - 8. Suppose -3*r + 5*r - 178 = m. What is the tens digit of r?
8
Suppose 0 = 2*o + 2*o + 2*z - 494, -2*z = -4*o + 498. Suppose 5*t + o = 474. Let l = t - 50. What is the units digit of l?
0
Let n = -179 + 819. Suppose 5*p + n = 4*b, -5*b - 147 = p - 2*b. Let d = -91 - p. What is the units digit of d?
1
Suppose 13*o = -1749 + 6195. What is the units digit of o?
2
Suppose 0 = 5*y - 3*u - 3147, -4*y + 7*y - 2*u - 1889 = 0. What is the tens digit of y?
2
Let z(h) = -h**2 - 15*h - 8. Suppose -g - s = 11, -s - 3 = 2*s. What is the units digit of z(g)?
2
Let i(d) = d + 5. Let o be i(3). Suppose -o*s = -69 - 11. What is the units digit of (5/s)/(2/128)?
2
Let s = -47 + -2. Let r = s - -234. What is the units digit of r?
5
What is the units digit of (16/(-2))/((-1)/8)?
4
Let c = -124 + 521. What is the tens digit of c?
9
Let t = 56 + -38. Suppose t*q - 13*q = 100. What is the tens digit of q?
2
Let y be 4/10 - 699/(-15). Let j = y + -24. What is the units digit of j?
3
Suppose 0 = p - 6*p. Suppose p*f = f - 6. Let c = f - -5. What is the units digit of c?
1
Let v(g) = -g**3 - 6*g**2 - g + 126. Let d(l) = l**2. Let x(o) = 6*d(o) + v(o). What is the tens digit of x(0)?
2
Let x(a) = -7*a - 7. Suppose -4*m - 14 = 2*b, 1 = -2*m - 3. What is the tens digit of x(b)?
1
Suppose -13845 = 5*g - 44*g. What is the tens digit of g?
5
Let a = -3 - -8. Suppose 0 = -a*n + 2*z - 24, -3*n = z + 13 + 8. Let q(r) = r + 10. What is the units digit of q(n)?
4
Suppose -q - 2*v - v = 1, -2*q - 35 = -5*v. Let f = q - -22. Let s = f + -9. What is the units digit of s?
3
Let y(n) = -7*n + 4. Let b be y(1). What is the units digit of (28/2)/(b/(1 - 43))?
6
Let n be (90/8)/((-33)/(-88)). Let p = n + -25. What is the units digit of p?
5
Suppose 5*z = -4*o + 19446, 13*z - 11*z - 7760 = 3*o. What is the tens digit of z?
8
Suppose -86*n = -85*n - 3. Suppose 0 = 3*d - v - 296, 5*d + n*v - 504 = 2*v. What is the units digit of d?
0
Let l = -38 + 30. Let f(b) = b**3 + 11*b**2 + 12*b + 2. What is the tens digit of f(l)?
9
What is the tens digit of 194*10/14 + 6/14?
3
Let v = 15 - -193. Let h = 301 - v. What is the tens digit of h?
9
Let m(z) = 21*z**2 + z - 1. Let l be m(1). Let d = l - 17. Suppose -d*q + 67 = -s, 2*q - 4*s - 54 = -10. What is the tens digit of q?
1
Let p be 2/3 + 296/(-12). Let h = -27 - p. What is the units digit of (-2)/(h + 6 - 4)?
2
What is the thousands digit of -8545*(-16)/40 + -10?
3
Suppose -51*k - 626 = -53*k. What is the units digit of k?
3
Let s = -12 + 13. Let k be (-6)/(-2 - (-1 + s)). Suppose 45 = 2*i + k*i. What is the units digit of i?
9
Let y(l) = -66*l - 12. Let m = -104 - -102. What is the hundreds digit of y(m)?
1
Suppose -26*v + 17517 = 3867. What is the units digit of v?
5
Let x = 764 + -726. What is the tens digit of x?
3
Suppose -5*x = 4*y + 1, -5*x - 2 = -y - 4*x. What is the hundreds digit of (12/(-8) + y)*-276?
1
Let w(m) = -m + 9. Let z be w(14). Let q be 4*(z/(-4) - 0). Suppose -2*f = q*c - 117, 4 = 5*f - 1. What is the tens digit of c?
2
Let f = -58 + 118. Let r = f + 73. Suppose -3*n = -2*t + 44, 3*t + 4*n - r = -2*t. What is the tens digit of t?
2
Let f(h) = 52*h**2 - 69*h - 12. What is the thousands digit of f(6)?
1
Let o = -37 - -57. Suppose -l - 5*p + 25 = 0, 2*l + p = -3*p + o. What is the units digit of (-236)/16*(l + -4)?
9
Suppose 0 = -6*g - 10 + 4. Let j(n) = 68*n**2 + 2*n + 1. What is the units digit of j(g)?
7
Suppose 3*p - 2*p - 4*z - 13 = 0, 0 = -5*p - 2*z - 23. Let o = 1 - p. What is the units digit of o?
4
Let i be 1/(-4) + 1395/12. Suppose -1 = 2*c - 3, -3*k = -5*c + i. Let q = -22 - k. What is the units digit of q?
5
Let q(x) = -x + 3. Let y be q(5). Let t = -36 + 20. What is the units digit of ((-45)/y)/((-12)/t)?
0
What is the tens digit of (-5292 - 0)/(-2)*(1 - 0)?
4
Let m(d) = d**3 + 17*d**2 - 19*d - 18. Let n be m(-18). Suppose -u = -n + 4. Let t = 27 - u. What is the tens digit of t?
3
Let m = 582 - 251. What is the units digit of m?
1
Suppose 4*d - 13 = r, r = 3*d - 14 + 2. Let l(s) = -s - 9. Let x be l(r). Suppose -q - 2*q + 84 = x. What is the units digit of q?
8
Suppose -4*w - 1372 = -7*i + 3*i, -5*i + 2*w + 1718 = 0. What is the tens digit of i?
4
Suppose -4*h + 8*h = 532. Suppose -h*t - 163 = -134*t. What is the hundreds digit of t?
1
Suppose -5*z + 5*d + 445 = -0*z, z + 3*d = 97. What is the units digit of 2 + z + 18/9?
5
Let k = -4 + -8. Let a(o) = -o - 3. Let y be a(k). Let i(n) = 2*n**2 - 10*n. What is the tens digit of i(y)?
7
Suppose -5*a = -3*o + 2, 3*a + 2*a = -3*o + 22. Suppose -3*q = -o*u + 87, -u - 3*q + 5 = 2. What is the units digit of u?
8
Suppose -23*l = -2*l - 19173. What is the hundreds digit of l?
9
Let m = 946 + -328. What is the units digit of m?
8
Let j(s) = -s**2 - 7*s - 1. Let o be j(-6). Suppose 3*d = k - 194, -o*k + 50 + 38 = -d. Let n = 104 + d. What is the units digit of n?
1
Let c be (-2)/(-6) - (-152)/12. Suppose -c*m = -15*m + 404. What is the hundreds digit of m?
2
Suppose 28*o - 27*o - 261 = 0. What is the tens digit of o?
6
Let y(s) = -s**3 + s**2 + 38. Let f(v) = v**2 + 2*v + 1. Let g be f(-1). What is the units digit of y(g)?
8
Let x = -3 - -10. What is the tens digit of 5/(70/24)*x*3?
3
Let i = 11 + -14. Let z = i - 6. What is the tens digit of (-4)/(-18) - 178/z?
2
Suppose -7 = -2*y + 3*y + 3*z, -52 = 5*y - 2*z. What is the units digit of (2 - (-27)/(-15)) + (-808)/y?
1
Suppose -4*s = 5*c - 66, 4*c = -2*s + 51 + 3. What is the tens digit of c?
1
Let l be 26/(-8)*(0 + -44). Let x be (-12 - -3)/(3/33). Let v = x + l. What is the units digit of v?
4
Let r = 4500 - 2811. What is the units digit of r?
9
Suppose 174 = q + m, m + 5 = 7. Suppose v = -2*p + 33 + q, -4*p + 407 = -v. Suppose 0*t - 3*t - 5*l + p = 0, -5*t = -3*l - 204. What is the tens digit of t?
3
Suppose -895 = -5*q - 5*l,